{"id":858,"date":"2018-09-05T15:38:12","date_gmt":"2018-09-05T13:38:12","guid":{"rendered":"https:\/\/sahc.ch\/chi-siamo\/grusswort-des-praesidenten\/"},"modified":"2024-11-07T13:24:34","modified_gmt":"2024-11-07T12:24:34","slug":"grusswort-des-praesidenten","status":"publish","type":"page","link":"https:\/\/sahc.ch\/it\/","title":{"rendered":"Saluto del presidente"},"content":{"rendered":"<div class=\"thumb-column\">\u00a0<\/div>\n<div class=\"half-column\">\n<p>&nbsp;<\/p>\n<p>Cari appassionati di ernia!<\/p>\n<p>Dalla fondazione della SAHC nel 2018, la chirurgia dell&#8217;ernia ha acquisito importanza a livello mondiale. Dopo essere rimasta nella nicchia di una disciplina che ha ricevuto poca attenzione per molti decenni, ora \u00e8 uscita da quest&#8217;ombra e si \u00e8 emancipata. La semplice chirurgia dell&#8217;ernia \u00e8 diventata \u201cricostruzione della parete addominale\u201d e quindi il termine decisivo che ha dato il via all&#8217;ascesa di questa entusiasmante disciplina.<\/p>\n<p>Oltre ai rapidi sviluppi tecnologici, come le nuove tecniche mini-invasive o l&#8217;avvento della robotica, si sono evoluti anche la formazione e l&#8217;aggiornamento. Workshop anatomici, congressi interattivi e, non da ultimo, il titolo ufficiale di specialista dell&#8217;UEMS (F.E.B.S. Abdominal Wall Surgery) hanno contribuito a una nuova affermazione della chirurgia dell&#8217;ernia nel mondo.<\/p>\n<p>La SAHC \u00e8 un gruppo di interesse ufficiale della SGC e si \u00e8 posta l&#8217;obiettivo politico di sviluppare ulteriormente la chirurgia dell&#8217;ernia in tutte le sue sfaccettature professionali e di politica sanitaria in Svizzera. Allo stesso tempo, il collegamento della SAHC con le organizzazioni ombrello SGC (a livello nazionale) e EHS (a livello internazionale) deve essere ulteriormente ottimizzato. Con le \u201cGiornate svizzere dell&#8217;ernia\u201d, la SAHC dispone di un prestigioso congresso annuale sempre pi\u00f9 riconosciuto e apprezzato a livello nazionale e internazionale.<\/p>\n<p>In qualit\u00e0 di Presidente eletto per il mandato 2024-2026, sono estremamente lieto di rappresentare e promuovere all&#8217;esterno gli interessi e le preoccupazioni dei nostri soci.<\/p>\n<p>Cordiali saluti<\/p>\n<h6><img loading=\"lazy\" decoding=\"async\" class=\"alignnone wp-image-3200\" src=\"https:\/\/sahc.ch\/wp-content\/uploads\/2024\/10\/signatur_hh.png\" alt=\"\" width=\"120\" height=\"110\" \/>PD Dr. Henry Hoffmann<br \/>\nAssosziazione svizzera per la chirurgia delle ernie, SAHC<\/h6>\n<\/div>\n<div class=\"thumb-column\"><img loading=\"lazy\" decoding=\"async\" class=\"wp-image-3222 size-full aligncenter\" src=\"https:\/\/sahc.ch\/wp-content\/uploads\/2024\/10\/hoffmann_sahc-1.jpg\" alt=\"\" width=\"600\" height=\"650\" \/><\/div>\n","protected":false},"excerpt":{"rendered":"","protected":false},"author":217,"featured_media":0,"parent":800,"menu_order":3,"comment_status":"closed","ping_status":"closed","template":"","meta":{"_acf_changed":false,"footnotes":""},"class_list":["post-858","page","type-page","status-publish","hentry"],"acf":[],"yoast_head":"<!-- This site is optimized with the Yoast SEO plugin v27.4 - https:\/\/yoast.com\/product\/yoast-seo-wordpress\/ -->\n<title>Saluto del presidente - SAHC<\/title>\n<meta name=\"robots\" content=\"index, follow, max-snippet:-1, max-image-preview:large, max-video-preview:-1\" \/>\n<link rel=\"canonical\" href=\"https:\/\/sahc.ch\/it\/\" \/>\n<meta property=\"og:locale\" content=\"it_IT\" \/>\n<meta property=\"og:type\" content=\"article\" \/>\n<meta property=\"og:title\" content=\"Saluto del presidente - SAHC\" \/>\n<meta property=\"og:url\" content=\"https:\/\/sahc.ch\/it\/\" \/>\n<meta property=\"og:site_name\" content=\"SAHC\" \/>\n<meta property=\"article:modified_time\" content=\"2024-11-07T12:24:34+00:00\" \/>\n<meta property=\"og:image\" content=\"https:\/\/sahc.ch\/wp-content\/uploads\/2024\/10\/signatur_hh.png\" \/>\n<meta name=\"twitter:card\" content=\"summary_large_image\" \/>\n<meta name=\"twitter:label1\" content=\"Est. reading time\" \/>\n\t<meta name=\"twitter:data1\" content=\"2 minutes\" \/>\n<script type=\"application\/ld+json\" class=\"yoast-schema-graph\">{\"@context\":\"https:\\\/\\\/schema.org\",\"@graph\":[{\"@type\":\"WebPage\",\"@id\":\"https:\\\/\\\/sahc.ch\\\/it\\\/\",\"url\":\"https:\\\/\\\/sahc.ch\\\/it\\\/\",\"name\":\"Saluto del presidente - SAHC\",\"isPartOf\":{\"@id\":\"https:\\\/\\\/sahc.ch\\\/#website\"},\"primaryImageOfPage\":{\"@id\":\"https:\\\/\\\/sahc.ch\\\/it\\\/#primaryimage\"},\"image\":{\"@id\":\"https:\\\/\\\/sahc.ch\\\/it\\\/#primaryimage\"},\"thumbnailUrl\":\"https:\\\/\\\/sahc.ch\\\/wp-content\\\/uploads\\\/2024\\\/10\\\/signatur_hh.png\",\"datePublished\":\"2018-09-05T13:38:12+00:00\",\"dateModified\":\"2024-11-07T12:24:34+00:00\",\"breadcrumb\":{\"@id\":\"https:\\\/\\\/sahc.ch\\\/it\\\/#breadcrumb\"},\"inLanguage\":\"it-IT\",\"potentialAction\":[{\"@type\":\"ReadAction\",\"target\":[\"https:\\\/\\\/sahc.ch\\\/it\\\/\"]}]},{\"@type\":\"ImageObject\",\"inLanguage\":\"it-IT\",\"@id\":\"https:\\\/\\\/sahc.ch\\\/it\\\/#primaryimage\",\"url\":\"https:\\\/\\\/sahc.ch\\\/wp-content\\\/uploads\\\/2024\\\/10\\\/signatur_hh.png\",\"contentUrl\":\"https:\\\/\\\/sahc.ch\\\/wp-content\\\/uploads\\\/2024\\\/10\\\/signatur_hh.png\"},{\"@type\":\"BreadcrumbList\",\"@id\":\"https:\\\/\\\/sahc.ch\\\/it\\\/#breadcrumb\",\"itemListElement\":[{\"@type\":\"ListItem\",\"position\":1,\"name\":\"Startseite\",\"item\":\"https:\\\/\\\/sahc.ch\\\/it\\\/\"},{\"@type\":\"ListItem\",\"position\":2,\"name\":\"Chi siamo\",\"item\":\"https:\\\/\\\/sahc.ch\\\/it\\\/chi-siamo\\\/\"},{\"@type\":\"ListItem\",\"position\":3,\"name\":\"Saluto del presidente\"}]},{\"@type\":\"WebSite\",\"@id\":\"https:\\\/\\\/sahc.ch\\\/#website\",\"url\":\"https:\\\/\\\/sahc.ch\\\/\",\"name\":\"SAHC\",\"description\":\"Schweizerische Arbeitsgruppe f\u00fcr Hernienchirurgie\",\"potentialAction\":[{\"@type\":\"SearchAction\",\"target\":{\"@type\":\"EntryPoint\",\"urlTemplate\":\"https:\\\/\\\/sahc.ch\\\/?s={search_term_string}\"},\"query-input\":{\"@type\":\"PropertyValueSpecification\",\"valueRequired\":true,\"valueName\":\"search_term_string\"}}],\"inLanguage\":\"it-IT\"}]}<\/script>\n<!-- \/ Yoast SEO plugin. -->","yoast_head_json":{"title":"Saluto del presidente - SAHC","robots":{"index":"index","follow":"follow","max-snippet":"max-snippet:-1","max-image-preview":"max-image-preview:large","max-video-preview":"max-video-preview:-1"},"canonical":"https:\/\/sahc.ch\/it\/","og_locale":"it_IT","og_type":"article","og_title":"Saluto del presidente - SAHC","og_url":"https:\/\/sahc.ch\/it\/","og_site_name":"SAHC","article_modified_time":"2024-11-07T12:24:34+00:00","og_image":[{"url":"https:\/\/sahc.ch\/wp-content\/uploads\/2024\/10\/signatur_hh.png","type":"","width":"","height":""}],"twitter_card":"summary_large_image","twitter_misc":{"Est. reading time":"2 minutes"},"schema":{"@context":"https:\/\/schema.org","@graph":[{"@type":"WebPage","@id":"https:\/\/sahc.ch\/it\/","url":"https:\/\/sahc.ch\/it\/","name":"Saluto del presidente - SAHC","isPartOf":{"@id":"https:\/\/sahc.ch\/#website"},"primaryImageOfPage":{"@id":"https:\/\/sahc.ch\/it\/#primaryimage"},"image":{"@id":"https:\/\/sahc.ch\/it\/#primaryimage"},"thumbnailUrl":"https:\/\/sahc.ch\/wp-content\/uploads\/2024\/10\/signatur_hh.png","datePublished":"2018-09-05T13:38:12+00:00","dateModified":"2024-11-07T12:24:34+00:00","breadcrumb":{"@id":"https:\/\/sahc.ch\/it\/#breadcrumb"},"inLanguage":"it-IT","potentialAction":[{"@type":"ReadAction","target":["https:\/\/sahc.ch\/it\/"]}]},{"@type":"ImageObject","inLanguage":"it-IT","@id":"https:\/\/sahc.ch\/it\/#primaryimage","url":"https:\/\/sahc.ch\/wp-content\/uploads\/2024\/10\/signatur_hh.png","contentUrl":"https:\/\/sahc.ch\/wp-content\/uploads\/2024\/10\/signatur_hh.png"},{"@type":"BreadcrumbList","@id":"https:\/\/sahc.ch\/it\/#breadcrumb","itemListElement":[{"@type":"ListItem","position":1,"name":"Startseite","item":"https:\/\/sahc.ch\/it\/"},{"@type":"ListItem","position":2,"name":"Chi siamo","item":"https:\/\/sahc.ch\/it\/chi-siamo\/"},{"@type":"ListItem","position":3,"name":"Saluto del presidente"}]},{"@type":"WebSite","@id":"https:\/\/sahc.ch\/#website","url":"https:\/\/sahc.ch\/","name":"SAHC","description":"Schweizerische Arbeitsgruppe f\u00fcr Hernienchirurgie","potentialAction":[{"@type":"SearchAction","target":{"@type":"EntryPoint","urlTemplate":"https:\/\/sahc.ch\/?s={search_term_string}"},"query-input":{"@type":"PropertyValueSpecification","valueRequired":true,"valueName":"search_term_string"}}],"inLanguage":"it-IT"}]}},"publishpress_future_workflow_manual_trigger":{"enabledWorkflows":[]},"_links":{"self":[{"href":"https:\/\/sahc.ch\/it\/wp-json\/wp\/v2\/pages\/858","targetHints":{"allow":["GET"]}}],"collection":[{"href":"https:\/\/sahc.ch\/it\/wp-json\/wp\/v2\/pages"}],"about":[{"href":"https:\/\/sahc.ch\/it\/wp-json\/wp\/v2\/types\/page"}],"author":[{"embeddable":true,"href":"https:\/\/sahc.ch\/it\/wp-json\/wp\/v2\/users\/217"}],"replies":[{"embeddable":true,"href":"https:\/\/sahc.ch\/it\/wp-json\/wp\/v2\/comments?post=858"}],"version-history":[{"count":10,"href":"https:\/\/sahc.ch\/it\/wp-json\/wp\/v2\/pages\/858\/revisions"}],"predecessor-version":[{"id":3372,"href":"https:\/\/sahc.ch\/it\/wp-json\/wp\/v2\/pages\/858\/revisions\/3372"}],"up":[{"embeddable":true,"href":"https:\/\/sahc.ch\/it\/wp-json\/wp\/v2\/pages\/800"}],"wp:attachment":[{"href":"https:\/\/sahc.ch\/it\/wp-json\/wp\/v2\/media?parent=858"}],"curies":[{"name":"wp","href":"https:\/\/api.w.org\/{rel}","templated":true}]}}

<div class="thumb-column"> </div>
<div class="half-column">
<p>&nbsp;</p>
<p>Cari appassionati di ernia!</p>
<p>Dalla fondazione della SAHC nel 2018, la chirurgia dell&#8217;ernia ha acquisito importanza a livello mondiale. Dopo essere rimasta nella nicchia di una disciplina che ha ricevuto poca attenzione per molti decenni, ora è uscita da quest&#8217;ombra e si è emancipata. La semplice chirurgia dell&#8217;ernia è diventata “ricostruzione della parete addominale” e quindi il termine decisivo che ha dato il via all&#8217;ascesa di questa entusiasmante disciplina.</p>
<p>Oltre ai rapidi sviluppi tecnologici, come le nuove tecniche mini-invasive o l&#8217;avvento della robotica, si sono evoluti anche la formazione e l&#8217;aggiornamento. Workshop anatomici, congressi interattivi e, non da ultimo, il titolo ufficiale di specialista dell&#8217;UEMS (F.E.B.S. Abdominal Wall Surgery) hanno contribuito a una nuova affermazione della chirurgia dell&#8217;ernia nel mondo.</p>
<p>La SAHC è un gruppo di interesse ufficiale della SGC e si è posta l&#8217;obiettivo politico di sviluppare ulteriormente la chirurgia dell&#8217;ernia in tutte le sue sfaccettature professionali e di politica sanitaria in Svizzera. Allo stesso tempo, il collegamento della SAHC con le organizzazioni ombrello SGC (a livello nazionale) e EHS (a livello internazionale) deve essere ulteriormente ottimizzato. Con le “Giornate svizzere dell&#8217;ernia”, la SAHC dispone di un prestigioso congresso annuale sempre più riconosciuto e apprezzato a livello nazionale e internazionale.</p>
<p>In qualità di Presidente eletto per il mandato 2024-2026, sono estremamente lieto di rappresentare e promuovere all&#8217;esterno gli interessi e le preoccupazioni dei nostri soci.</p>
<p>Cordiali saluti</p>
<h6><img loading="lazy" decoding="async" class="alignnone wp-image-3200" src="https://sahc.ch/wp-content/uploads/2024/10/signatur_hh.png" alt="" width="120" height="110" />PD Dr. Henry Hoffmann<br />
Assosziazione svizzera per la chirurgia delle ernie, SAHC</h6>
</div>
<div class="thumb-column"><img loading="lazy" decoding="async" class="wp-image-3222 size-full aligncenter" src="https://sahc.ch/wp-content/uploads/2024/10/hoffmann_sahc-1.jpg" alt="" width="600" height="650" /></div>

<!-- This site is optimized with the Yoast SEO plugin v27.4 - https://yoast.com/product/yoast-seo-wordpress/ -->
<title>Saluto del presidente - SAHC</title>
<meta name="robots" content="index, follow, max-snippet:-1, max-image-preview:large, max-video-preview:-1" />
<link rel="canonical" href="https://sahc.ch/it/" />
<meta property="og:locale" content="it_IT" />
<meta property="og:type" content="article" />
<meta property="og:title" content="Saluto del presidente - SAHC" />
<meta property="og:url" content="https://sahc.ch/it/" />
<meta property="og:site_name" content="SAHC" />
<meta property="article:modified_time" content="2024-11-07T12:24:34+00:00" />
<meta property="og:image" content="https://sahc.ch/wp-content/uploads/2024/10/signatur_hh.png" />
<meta name="twitter:card" content="summary_large_image" />
<meta name="twitter:label1" content="Est. reading time" />
	<meta name="twitter:data1" content="2 minutes" />
<script type="application/ld+json" class="yoast-schema-graph">{"@context":"https:\/\/schema.org","@graph":[{"@type":"WebPage","@id":"https:\/\/sahc.ch\/it\/","url":"https:\/\/sahc.ch\/it\/","name":"Saluto del presidente - SAHC","isPartOf":{"@id":"https:\/\/sahc.ch\/#website"},"primaryImageOfPage":{"@id":"https:\/\/sahc.ch\/it\/#primaryimage"},"image":{"@id":"https:\/\/sahc.ch\/it\/#primaryimage"},"thumbnailUrl":"https:\/\/sahc.ch\/wp-content\/uploads\/2024\/10\/signatur_hh.png","datePublished":"2018-09-05T13:38:12+00:00","dateModified":"2024-11-07T12:24:34+00:00","breadcrumb":{"@id":"https:\/\/sahc.ch\/it\/#breadcrumb"},"inLanguage":"it-IT","potentialAction":[{"@type":"ReadAction","target":["https:\/\/sahc.ch\/it\/"]}]},{"@type":"ImageObject","inLanguage":"it-IT","@id":"https:\/\/sahc.ch\/it\/#primaryimage","url":"https:\/\/sahc.ch\/wp-content\/uploads\/2024\/10\/signatur_hh.png","contentUrl":"https:\/\/sahc.ch\/wp-content\/uploads\/2024\/10\/signatur_hh.png"},{"@type":"BreadcrumbList","@id":"https:\/\/sahc.ch\/it\/#breadcrumb","itemListElement":[{"@type":"ListItem","position":1,"name":"Startseite","item":"https:\/\/sahc.ch\/it\/"},{"@type":"ListItem","position":2,"name":"Chi siamo","item":"https:\/\/sahc.ch\/it\/chi-siamo\/"},{"@type":"ListItem","position":3,"name":"Saluto del presidente"}]},{"@type":"WebSite","@id":"https:\/\/sahc.ch\/#website","url":"https:\/\/sahc.ch\/","name":"SAHC","description":"Schweizerische Arbeitsgruppe für Hernienchirurgie","potentialAction":[{"@type":"SearchAction","target":{"@type":"EntryPoint","urlTemplate":"https:\/\/sahc.ch\/?s={search_term_string}"},"query-input":{"@type":"PropertyValueSpecification","valueRequired":true,"valueName":"search_term_string"}}],"inLanguage":"it-IT"}]}</script>
<!-- / Yoast SEO plugin. -->

Schweizerische Arbeitsgruppe für Hernienchirurgie
